680/(-32) + 3)*p. Calculate the highest common divisor of k and 657.
73
Let c(w) = -w**3 - 52*w**2 + 281*w - 194. Let y be c(-57). Let l(p) = 231*p**2 - 4*p + 2. Let n be l(2). Calculate the highest common factor of y and n.
34
Suppose 96 = -4*n + 800. Let p(y) = -8*y + 6. Let f be p(5). Let m = 56 + f. What is the greatest common factor of m and n?
22
Suppose 146 = 11*g + 58. Let k be (-2)/8 + 762/g. What is the highest common factor of 57 and k?
19
Suppose 600 = -4*b + 576, -3*t + 9*b + 138 = 0. What is the highest common factor of t and 13034?
14
Let p(y) = 51*y + 6726. Let o be p(-130). What is the highest common factor of 668 and o?
4
Let f be -1 - (-1 - 1) - -104. Suppose 0*q - 4*w = 3*q - 124, -5*w - 73 = -q. Suppose -q*z = -53*z + 210. Calculate the greatest common divisor of f and z.
21
Suppose -4*c = s + 5, 21*s - 22*s + 19 = -4*c. Suppose 8*t - s*t - 81 = 0. What is the highest common divisor of 810 and t?
81
Let l be ((-1179)/(-262))/((3/8)/1). Suppose -h - n - 11 = -l, -3*h = -5*n - 27. What is the highest common divisor of h and 32?
4
Let j(k) be the third derivative of -k**6/120 - k**5/12 - k**4/4 + k**3/2 - 29*k**2. Let y be j(-4). What is the greatest common factor of y and 517?
11
Let i = -15646 - -15768. What is the highest common divisor of i and 18361?
61
Let g(v) = 2*v**3 + 61*v**2 + 74*v + 148. Let p be g(-29). What is the greatest common factor of p and 225?
75
Suppose -1926 - 6377 = -496*y + 9553. Let x be (-4)/(-10) - 1115/(-25). What is the greatest common factor of y and x?
9
Suppose 4*o + 4*g + 19 + 13 = 0, -3*o = -g + 44. Let n = o - -342. What is the greatest common factor of 7 and n?
7
Let a(m) = 25*m**2 - 2*m - 1. Let p be a(-1). Suppose 0 = -t + 3*t - p. Let o(n) = 5*n - 41. Let l be o(t). What is the highest common divisor of l and 12?
12
Suppose 0 = 2*n - 205 - 137. Let v(y) be the first derivative of y**4/4 + 5*y**3/3 + 3*y + 32. Let b be v(-4). What is the highest common factor of b and n?
19
Let b = -501 - -505. Suppose -b*q - 56 + 220 = -2*l, 0 = -3*q + 3*l + 129. Suppose -w - 39 = -2*w. What is the greatest common divisor of w and q?
39
Suppose 2*d - 34 = -y, -4*d - 5*y + 82 = 14. Suppose 250 = -d*m + 658. Calculate the highest common factor of 12 and m.
12
Suppose 10*j - 44*j + 29*j + 880 = 0. Let t be 9*((-8)/(-6) + -2). Let h be 4/t + 68/3. Calculate the highest common divisor of h and j.
22
Let h = 1126 - 1116. Calculate the highest common factor of h and 21790.
10
Suppose -51*l - 160*l = -46315 - 52855. What is the greatest common divisor of 60 and l?
10
Suppose 5*o = 4*a - 69 + 11, 2*a - 3*o = 30. Calculate the greatest common factor of a and 1374.
6
Suppose -r = 44*r - 2160. Let z(x) = -x**3 + 20*x**2 - 18*x - 18. Let k be z(19). Calculate the greatest common factor of k and r.
1
Suppose 5*a - 2*d = 1 - 2, -2*a - 4 = -2*d. Let u be (-8)/a*(22 - 23). What is the greatest common divisor of 328 and u?
8
Let v be 0/((-48)/12) - -7. What is the highest common divisor of 3 and v?
1
Let n be (-9 - -5 - -1718)/(-2) - -5. Let j = 865 + n. Calculate the highest common divisor of 91 and j.
13
Suppose 4*t - 3*t - 551 = -5*h, 5*h = 4*t + 571. Let w be (-485329)/1009*4/(-26). What is the greatest common divisor of h and w?
37
Suppose -4*b - 3*y = -2661, -b - y = -0*b - 666. Suppose -4*c = 2*a - 10, -42*c = 3*a - 37*c - 21. What is the greatest common divisor of b and a?
17
Suppose 2*g = -a + 53, -2*g - 137 = -a - 104. Let x(c) = 124*c - 23. Let w be x(4). What is the highest common divisor of w and a?
43
Let q be -3*2968/24 - (1 - 3). Let g = 381 + q. Calculate the highest common divisor of g and 60.
12
Suppose -11*w + 7*w - 200 = 0. Let u be ((-54)/15)/(4/w). Calculate the highest common divisor of 360 and u.
45
Let u(c) = c**2 - 355. Let j be u(-19). What is the greatest common factor of j and 6?
6
Suppose -25021 = -86*q + 56081 + 10488. What is the greatest common factor of 6 and q?
3
Let c be 36/396 + (-1891)/(-11). Suppose v - 5*v + 1752 = 0. Let b be v/10 + 16/(-20). Calculate the greatest common factor of c and b.
43
Let t = -18060 + 18116. What is the highest common factor of 3003 and t?
7
Let p be 8 - 0/(-3 - -4). Suppose 0 = -y - 4 + p. Suppose -8 = -y*f, -4*f = v - 17 - 68. Calculate the highest common divisor of 7 and v.
7
Let f = 177 - 65. Let s = 120 - f. Suppose -104 = -5*l - 4. What is the greatest common factor of l and s?
4
Let i(t) = t**3 + 37*t**2 - 38*t. Let m be i(-38). Suppose -u + z + 4 + 13 = m, 5*z + 33 = u. Calculate the greatest common factor of 143 and u.
13
Let t(z) = 15*z**3 - 5*z**2 - 5*z + 7. Let a be t(3). Let s(p) = -p + 2. Let d be s(-9). Calculate the highest common divisor of a and d.
11
Let v(a) = -a**3 + 13*a**2 - 47*a + 1264. Let p be v(15). Calculate the greatest common factor of p and 37387.
109
Suppose 12 - 312 = -5*v. Let b be (v/(-7))/((-138)/(-35) - 4). What is the greatest common divisor of 15 and b?
15
Let q be 4725/(-70)*(-4)/(-3). Let g = q + 92. Let j be (4/3)/((-3)/(-18)). What is the greatest common factor of j and g?
2
Let g be (430 - 6)/((-889)/301 + 3). What is the greatest common divisor of 129 and g?
43
Suppose -2*u + 0*u = -60. Let z be ((-174)/4)/(283/(-2830)). Calculate the highest common divisor of u and z.
15
Let g = -217 - -70. Let f be (26/26)/(3*(-1)/g). Calculate the greatest common divisor of 14 and f.
7
Let b = 354 - 15. Let m = 98 - 293. Let i = m + b. What is the greatest common divisor of i and 18?
18
Let a be 18095/(-14)*(-52)/65. What is the greatest common factor of a and 22?
22
Suppose 56*k - 43920 = -16*k. Calculate the highest common factor of 10 and k.
10
Let x(c) = -4*c**2 - 66 + 8*c + 56*c**2 + 26 - 9. Let w be x(-6). What is the highest common divisor of w and 71?
71
Let a(s) = s + 25. Let q be (12 + -10)/((-1)/(-19)). Let h be a(q). What is the greatest common factor of h and 63?
63
Let l(t) = 8*t - 59. Let p be l(8). Suppose 5*r = 2*q + 46, -2*q + p*q + 41 = 4*r. What is the greatest common divisor of 36 and r?
4
Let f be 2/7 + 2 + (-244)/(-28). Suppose -l = -f + 7. Suppose 10*u = l*u + 378. Calculate the highest common divisor of u and 7.
7
Let s(m) = -22*m**3 - 76*m - 617. Let a be s(-10). What is the highest common factor of 183 and a?
183
Let a(u) = -27*u - 3. Let p be a(4). Let m = p - -156. Suppose 107 = 5*z + 32. Calculate the greatest common factor of m and z.
15
Let r = -14182 + 28841. What is the greatest common divisor of r and 137?
137
Suppose -2*f + h + 119 + 102 = 0, -2*h = -6. Suppose 63 = v - 3*w, 14*w - 9*w = 0. Suppose -v*j + 16 = -62*j. Calculate the greatest common divisor of j and f.
16
Let z = 112 - 126. Let l(v) = -3*v**2 - 43*v + 6. Let m be l(z). Calculate the greatest common factor of 28 and m.
4
Let l = 48 + -33. Suppose -428*f = 82*f + 37368 - 121518. Calculate the greatest common factor of l and f.
15
Suppose -900 = -17*b + 1395. Suppose 0 = -114*q + b*q - 1050. Calculate the greatest common factor of q and 425.
25
Suppose 0 = -v + 5*c + 10769, 68*v + 2*c - 10790 = 67*v. Calculate the highest common factor of v and 64.
32
Let h = 103 - 138. Let o = h - -69. Calculate the highest common factor of 272 and o.
34
Suppose v - 92 = -3*y - 25, 0 = -5*y + 4*v + 106. Let c = 981 + -695. What is the highest common factor of y and c?
22
Let h(z) = 27*z**2 - 273*z - 817. Let y be h(-3). Calculate the greatest common factor of y and 40.
5
Suppose -107*w + 1239 = -114*w. Let z = 192 + w. Calculate the highest common factor of 255 and z.
15
Let j(t) = -2*t**3 + 32*t**2 - 85*t + 34. Let q be j(9). What is the highest common factor of 221 and q?
13
Let p(b) = 33*b - 130. Let i(g) = -2*g**2 - 19*g + 72. Let m be i(-12). Let r be p(m). Calculate the greatest common divisor of 14 and r.
14
Let h(y) = 4*y**3 - 17*y**2 - 13*y. Let a be h(5). Let d be 1390/30*(a - 4). Calculate the highest common divisor of d and 2.
2
Let d(x) = -x + 44. Let a be d(33). Let g = 24 - 24. Let y be 96 - (4 + -7) - g. What is the greatest common divisor of a and y?
11
Let j(z) be the first derivative of 17*z**2 + 26*z - 213. Let h be j(6). Calculate the greatest common factor of h and 10.
10
Suppose 3*m - 3 = -0*m, 4*t - 220 = 4*m. Suppose -t = -9*p + p. Suppose -p*q + 852 = -93. Calculate the greatest common factor of q and 15.
15
Let 